{"id":367,"date":"2024-03-10T20:23:39","date_gmt":"2024-03-10T20:23:39","guid":{"rendered":"https:\/\/specificnew.wpenginepowered.com\/poznan\/?page_id=367"},"modified":"2024-03-10T20:23:50","modified_gmt":"2024-03-10T20:23:50","slug":"zespol","status":"publish","type":"page","link":"https:\/\/www.15mcityspecific.org\/poznan\/zespol\/","title":{"rendered":"Zesp\u00f3\u0142"},"content":{"rendered":"\n<section class=\"listing\">\n    \n    \n                        <div class=\"full-width\">\n                <div class=\"container midi\">\n                    <div class=\"grid team\">\n                                                    \t<a class=\"tile\" href=\"https:\/\/etnologia.amu.edu.pl\/pracownik\/dr-aleksandra-lis\/\" target=\"_self\" rel=\"noopener\">\n        \n        <div class=\"image-block\">\n            <img loading=\"lazy\" decoding=\"async\" width=\"300\" height=\"300\" src=\"https:\/\/www.15mcityspecific.org\/poznan\/wp-content\/uploads\/sites\/6\/2024\/03\/Ola-Bio-Pic.jpg\" class=\"attachment-medium size-medium wp-post-image\" alt=\"\" srcset=\"https:\/\/www.15mcityspecific.org\/poznan\/wp-content\/uploads\/sites\/6\/2024\/03\/Ola-Bio-Pic.jpg 300w, https:\/\/www.15mcityspecific.org\/poznan\/wp-content\/uploads\/sites\/6\/2024\/03\/Ola-Bio-Pic-200x200.jpg 200w\" sizes=\"auto, (max-width: 300px) 100vw, 300px\" \/>        <\/div>\n\n        <div class=\"text-block\">\n            <div>\n                <h3>Professor Aleksandra Lis-Plesi\u0144ska<\/h3>\n                \t<p class=\"meta-tag\">Adam Mickiewicz University<\/p>\n                <p>Aleksandra leads the SPECIFIC team in Poznan. She is an Associate Professor at the Department of Anthropology and Ethnology and the Director of the Research Centre on Environmental and Energy Challenges at Adam Mickiewicz University.<\/p>\n            <\/div>\n        <\/div>\n    <\/a>\n                                                    \t<a class=\"tile\" href=\"https:\/\/www.linkedin.com\/in\/marcin-krassowski\/\" target=\"_self\" rel=\"noopener\">\n        \n        <div class=\"image-block\">\n            <img loading=\"lazy\" decoding=\"async\" width=\"400\" height=\"400\" src=\"https:\/\/www.15mcityspecific.org\/poznan\/wp-content\/uploads\/sites\/6\/2024\/04\/DSC03409-400x400.jpg\" class=\"attachment-medium size-medium wp-post-image\" alt=\"\" srcset=\"https:\/\/www.15mcityspecific.org\/poznan\/wp-content\/uploads\/sites\/6\/2024\/04\/DSC03409-400x400.jpg 400w, https:\/\/www.15mcityspecific.org\/poznan\/wp-content\/uploads\/sites\/6\/2024\/04\/DSC03409-1200x1200.jpg 1200w, https:\/\/www.15mcityspecific.org\/poznan\/wp-content\/uploads\/sites\/6\/2024\/04\/DSC03409-200x200.jpg 200w, https:\/\/www.15mcityspecific.org\/poznan\/wp-content\/uploads\/sites\/6\/2024\/04\/DSC03409-768x768.jpg 768w, https:\/\/www.15mcityspecific.org\/poznan\/wp-content\/uploads\/sites\/6\/2024\/04\/DSC03409.jpg 1392w\" sizes=\"auto, (max-width: 400px) 100vw, 400px\" \/>        <\/div>\n\n        <div class=\"text-block\">\n            <div>\n                <h3>Dr Marcin Krassowski<\/h3>\n                \t<p class=\"meta-tag\">Adam Mickiewicz University<\/p>\n                <p>Antropolog kultury, etnograf, adiunkt w Instytucie Antropologii i Etnologii UAM. Specjalizuje si\u0119 w antropologii \u015brodowiska oraz badaniach spo\u0142eczno\u015bci intencjonalnych. W dotychczasowej pracy naukowej zajmowa\u0142 si\u0119 m.in. kultur\u0105 i przekszta\u0142ceniami krajobrazu w europejskich ekowioskach.<\/p>\n            <\/div>\n        <\/div>\n    <\/a>\n                                                                    <\/div>\n                <\/div>\n            <\/div>\n                                    <div class=\"facetwp-facet facetwp-facet-load_more facetwp-type-pager\" data-name=\"load_more\" data-type=\"pager\"><\/div><\/section>\n\n","protected":false},"excerpt":{"rendered":"","protected":false},"author":2,"featured_media":0,"parent":0,"menu_order":0,"comment_status":"closed","ping_status":"closed","template":"","meta":{"_acf_changed":true,"_monsterinsights_skip_tracking":false,"_monsterinsights_sitenote_active":false,"_monsterinsights_sitenote_note":"","_monsterinsights_sitenote_category":0,"footnotes":""},"class_list":["post-367","page","type-page","status-publish","hentry"],"acf":[],"publishpress_future_workflow_manual_trigger":{"enabledWorkflows":[]},"_links":{"self":[{"href":"https:\/\/www.15mcityspecific.org\/poznan\/wp-json\/wp\/v2\/pages\/367","targetHints":{"allow":["GET"]}}],"collection":[{"href":"https:\/\/www.15mcityspecific.org\/poznan\/wp-json\/wp\/v2\/pages"}],"about":[{"href":"https:\/\/www.15mcityspecific.org\/poznan\/wp-json\/wp\/v2\/types\/page"}],"author":[{"embeddable":true,"href":"https:\/\/www.15mcityspecific.org\/poznan\/wp-json\/wp\/v2\/users\/2"}],"replies":[{"embeddable":true,"href":"https:\/\/www.15mcityspecific.org\/poznan\/wp-json\/wp\/v2\/comments?post=367"}],"version-history":[{"count":0,"href":"https:\/\/www.15mcityspecific.org\/poznan\/wp-json\/wp\/v2\/pages\/367\/revisions"}],"wp:attachment":[{"href":"https:\/\/www.15mcityspecific.org\/poznan\/wp-json\/wp\/v2\/media?parent=367"}],"curies":[{"name":"wp","href":"https:\/\/api.w.org\/{rel}","templated":true}]}}

Zespół

<section class="listing">
    
    
                        <div class="full-width">
                <div class="container midi">
                    <div class="grid team">
                                                    	<a class="tile" href="https://etnologia.amu.edu.pl/pracownik/dr-aleksandra-lis/" target="_self" rel="noopener">
        
        <div class="image-block">
            <img loading="lazy" decoding="async" width="300" height="300" src="https://www.15mcityspecific.org/poznan/wp-content/uploads/sites/6/2024/03/Ola-Bio-Pic.jpg" class="attachment-medium size-medium wp-post-image" alt="" srcset="https://www.15mcityspecific.org/poznan/wp-content/uploads/sites/6/2024/03/Ola-Bio-Pic.jpg 300w, https://www.15mcityspecific.org/poznan/wp-content/uploads/sites/6/2024/03/Ola-Bio-Pic-200x200.jpg 200w" sizes="auto, (max-width: 300px) 100vw, 300px" />        </div>

        <div class="text-block">
            <div>
                <h3>Professor Aleksandra Lis-Plesińska</h3>
                	<p class="meta-tag">Adam Mickiewicz University</p>
                <p>Aleksandra leads the SPECIFIC team in Poznan. She is an Associate Professor at the Department of Anthropology and Ethnology and the Director of the Research Centre on Environmental and Energy Challenges at Adam Mickiewicz University.</p>
            </div>
        </div>
    </a>
                                                    	<a class="tile" href="https://www.linkedin.com/in/marcin-krassowski/" target="_self" rel="noopener">
        
        <div class="image-block">
            <img loading="lazy" decoding="async" width="400" height="400" src="https://www.15mcityspecific.org/poznan/wp-content/uploads/sites/6/2024/04/DSC03409-400x400.jpg" class="attachment-medium size-medium wp-post-image" alt="" srcset="https://www.15mcityspecific.org/poznan/wp-content/uploads/sites/6/2024/04/DSC03409-400x400.jpg 400w, https://www.15mcityspecific.org/poznan/wp-content/uploads/sites/6/2024/04/DSC03409-1200x1200.jpg 1200w, https://www.15mcityspecific.org/poznan/wp-content/uploads/sites/6/2024/04/DSC03409-200x200.jpg 200w, https://www.15mcityspecific.org/poznan/wp-content/uploads/sites/6/2024/04/DSC03409-768x768.jpg 768w, https://www.15mcityspecific.org/poznan/wp-content/uploads/sites/6/2024/04/DSC03409.jpg 1392w" sizes="auto, (max-width: 400px) 100vw, 400px" />        </div>

        <div class="text-block">
            <div>
                <h3>Dr Marcin Krassowski</h3>
                	<p class="meta-tag">Adam Mickiewicz University</p>
                <p>Antropolog kultury, etnograf, adiunkt w Instytucie Antropologii i Etnologii UAM. Specjalizuje się w antropologii środowiska oraz badaniach społeczności intencjonalnych. W dotychczasowej pracy naukowej zajmował się m.in. kulturą i przekształceniami krajobrazu w europejskich ekowioskach.</p>
            </div>
        </div>
    </a>
                                                                    </div>
                </div>
            </div>
                                    <div class="facetwp-facet facetwp-facet-load_more facetwp-type-pager" data-name="load_more" data-type="pager"></div></section>
