{"id":366,"date":"2024-03-10T20:22:20","date_gmt":"2024-03-10T20:22:20","guid":{"rendered":"https:\/\/specificnew.wpenginepowered.com\/poznan\/?page_id=366"},"modified":"2024-03-10T20:22:37","modified_gmt":"2024-03-10T20:22:37","slug":"aktualnosci","status":"publish","type":"page","link":"https:\/\/www.15mcityspecific.org\/poznan\/aktualnosci\/","title":{"rendered":"Aktualno\u015bci"},"content":{"rendered":"\n<section class=\"listing\">\n    \n    \n                        <div class=\"grid news\">\n                                    \n<a class=\"tile\" href=\"https:\/\/www.15mcityspecific.org\/poznan\/blog\/news\/wez-udzial-w-eksperymencie-i-wyprobuj-elektryczny-rower-cargo\/\" aria-label=\"Read more on We\u017a udzia\u0142 w eksperymencie i wypr\u00f3buj elektryczny rower cargo!\">\n    <div class=\"image-block\">\n        <img loading=\"lazy\" decoding=\"async\" width=\"400\" height=\"292\" src=\"https:\/\/www.15mcityspecific.org\/poznan\/wp-content\/uploads\/sites\/6\/2025\/03\/image-e1743183015572-400x292.jpeg\" class=\"attachment-medium size-medium wp-post-image\" alt=\"Fot. Hazay\" srcset=\"https:\/\/www.15mcityspecific.org\/poznan\/wp-content\/uploads\/sites\/6\/2025\/03\/image-e1743183015572-400x292.jpeg 400w, https:\/\/www.15mcityspecific.org\/poznan\/wp-content\/uploads\/sites\/6\/2025\/03\/image-e1743183015572-1200x875.jpeg 1200w, https:\/\/www.15mcityspecific.org\/poznan\/wp-content\/uploads\/sites\/6\/2025\/03\/image-e1743183015572-768x560.jpeg 768w, https:\/\/www.15mcityspecific.org\/poznan\/wp-content\/uploads\/sites\/6\/2025\/03\/image-e1743183015572.jpeg 1536w\" sizes=\"auto, (max-width: 400px) 100vw, 400px\" \/>    <\/div>\n\n    <div class=\"text-block\">\n        <div>\n            <h3>We\u017a udzia\u0142 w eksperymencie i wypr\u00f3buj elektryczny rower cargo! <\/h3>\n            <p>Twoja firma lub organizacja dzia\u0142a na terenie Poznania lub powiatu pozna\u0144skiego? Chcesz sprawdzi\u0107, czy rower cargo mo\u017ce u\u0142atwi\u0107 Ci codzienn\u0105 logistyk\u0119? To \u015bwietna okazja! W ramach projektu SPECIFIC dajemy Ci do przetestowania elektryczny rower [&hellip;]<\/p>\n            <p class=\"meta-tag\"><svg xmlns=\"http:\/\/www.w3.org\/2000\/svg\" width=\"18\" height=\"18\" viewBox=\"0 0 18 18\"><circle cx=\"9\" cy=\"9\" r=\"9\" style=\"fill:#4dcbc6;stroke-width:0\"\/><path d=\"m9.35 10.06 4.58-2a.88.88 0 0 0 .46-1.16.88.88 0 0 0-1.16-.46L9.88 7.9V2.25c0-.49-.39-.88-.88-.88s-.88.39-.88.88v7c0 .3.15.57.4.74.15.1.31.14.48.14.12 0 .24-.02.35-.07Z\" style=\"fill:#fff;stroke-width:0\"\/><\/svg>28 Mar, 2025 <\/p>\n        <\/div>\n    <\/div>\n<\/a>                                    \n<a class=\"tile\" href=\"https:\/\/www.15mcityspecific.org\/poznan\/blog\/news\/o-projekcie-specific-w-podcascie-druga-wersja\/\" aria-label=\"Read more on O projekcie SPECIFIC w podca\u015bcie \u201eDruga wersja\u201d\">\n    <div class=\"image-block\">\n        <img loading=\"lazy\" decoding=\"async\" width=\"400\" height=\"396\" src=\"https:\/\/www.15mcityspecific.org\/poznan\/wp-content\/uploads\/sites\/6\/2025\/03\/Zrzut-ekranu-2025-03-28-o-12.48.03-400x396.png\" class=\"attachment-medium size-medium wp-post-image\" alt=\"\" srcset=\"https:\/\/www.15mcityspecific.org\/poznan\/wp-content\/uploads\/sites\/6\/2025\/03\/Zrzut-ekranu-2025-03-28-o-12.48.03-400x396.png 400w, https:\/\/www.15mcityspecific.org\/poznan\/wp-content\/uploads\/sites\/6\/2025\/03\/Zrzut-ekranu-2025-03-28-o-12.48.03-768x761.png 768w, https:\/\/www.15mcityspecific.org\/poznan\/wp-content\/uploads\/sites\/6\/2025\/03\/Zrzut-ekranu-2025-03-28-o-12.48.03.png 1112w\" sizes=\"auto, (max-width: 400px) 100vw, 400px\" \/>    <\/div>\n\n    <div class=\"text-block\">\n        <div>\n            <h3>O projekcie SPECIFIC w podca\u015bcie \u201eDruga wersja\u201d <\/h3>\n            <p>Czy mo\u017cna \u017cy\u0107 wygodniej, skracaj\u0105c dystanse? Jak bardzo czas dojazdu wp\u0142ywa na nasz\u0105 jako\u015b\u0107 \u017cycia? Co do tego maj\u0105 rowery cargo? O projekcie SPECIFIC i mie\u015bcie 15-minutowym w podca\u015bcie\u00a0\u201eDruga wersja\u201d\u00a0rozmawiali Micha\u0142 Czaja i dr [&hellip;]<\/p>\n            <p class=\"meta-tag\"><svg xmlns=\"http:\/\/www.w3.org\/2000\/svg\" width=\"18\" height=\"18\" viewBox=\"0 0 18 18\"><circle cx=\"9\" cy=\"9\" r=\"9\" style=\"fill:#4dcbc6;stroke-width:0\"\/><path d=\"m9.35 10.06 4.58-2a.88.88 0 0 0 .46-1.16.88.88 0 0 0-1.16-.46L9.88 7.9V2.25c0-.49-.39-.88-.88-.88s-.88.39-.88.88v7c0 .3.15.57.4.74.15.1.31.14.48.14.12 0 .24-.02.35-.07Z\" style=\"fill:#fff;stroke-width:0\"\/><\/svg>28 Mar, 2025 <\/p>\n        <\/div>\n    <\/div>\n<\/a>                                            <\/div>\n                                        <div class=\"facetwp-facet facetwp-facet-load_more facetwp-type-pager\" data-name=\"load_more\" data-type=\"pager\"><\/div><\/section>\n\n","protected":false},"excerpt":{"rendered":"","protected":false},"author":2,"featured_media":0,"parent":0,"menu_order":0,"comment_status":"closed","ping_status":"closed","template":"","meta":{"_acf_changed":true,"_monsterinsights_skip_tracking":false,"_monsterinsights_sitenote_active":false,"_monsterinsights_sitenote_note":"","_monsterinsights_sitenote_category":0,"footnotes":""},"class_list":["post-366","page","type-page","status-publish","hentry"],"acf":[],"publishpress_future_workflow_manual_trigger":{"enabledWorkflows":[]},"_links":{"self":[{"href":"https:\/\/www.15mcityspecific.org\/poznan\/wp-json\/wp\/v2\/pages\/366","targetHints":{"allow":["GET"]}}],"collection":[{"href":"https:\/\/www.15mcityspecific.org\/poznan\/wp-json\/wp\/v2\/pages"}],"about":[{"href":"https:\/\/www.15mcityspecific.org\/poznan\/wp-json\/wp\/v2\/types\/page"}],"author":[{"embeddable":true,"href":"https:\/\/www.15mcityspecific.org\/poznan\/wp-json\/wp\/v2\/users\/2"}],"replies":[{"embeddable":true,"href":"https:\/\/www.15mcityspecific.org\/poznan\/wp-json\/wp\/v2\/comments?post=366"}],"version-history":[{"count":0,"href":"https:\/\/www.15mcityspecific.org\/poznan\/wp-json\/wp\/v2\/pages\/366\/revisions"}],"wp:attachment":[{"href":"https:\/\/www.15mcityspecific.org\/poznan\/wp-json\/wp\/v2\/media?parent=366"}],"curies":[{"name":"wp","href":"https:\/\/api.w.org\/{rel}","templated":true}]}}

Aktualności

<section class="listing">
    
    
                        <div class="grid news">
                                    
<a class="tile" href="https://www.15mcityspecific.org/poznan/blog/news/wez-udzial-w-eksperymencie-i-wyprobuj-elektryczny-rower-cargo/" aria-label="Read more on Weź udział w eksperymencie i wypróbuj elektryczny rower cargo!">
    <div class="image-block">
        <img loading="lazy" decoding="async" width="400" height="292" src="https://www.15mcityspecific.org/poznan/wp-content/uploads/sites/6/2025/03/image-e1743183015572-400x292.jpeg" class="attachment-medium size-medium wp-post-image" alt="Fot. Hazay" srcset="https://www.15mcityspecific.org/poznan/wp-content/uploads/sites/6/2025/03/image-e1743183015572-400x292.jpeg 400w, https://www.15mcityspecific.org/poznan/wp-content/uploads/sites/6/2025/03/image-e1743183015572-1200x875.jpeg 1200w, https://www.15mcityspecific.org/poznan/wp-content/uploads/sites/6/2025/03/image-e1743183015572-768x560.jpeg 768w, https://www.15mcityspecific.org/poznan/wp-content/uploads/sites/6/2025/03/image-e1743183015572.jpeg 1536w" sizes="auto, (max-width: 400px) 100vw, 400px" />    </div>

    <div class="text-block">
        <div>
            <h3>Weź udział w eksperymencie i wypróbuj elektryczny rower cargo! </h3>
            <p>Twoja firma lub organizacja działa na terenie Poznania lub powiatu poznańskiego? Chcesz sprawdzić, czy rower cargo może ułatwić Ci codzienną logistykę? To świetna okazja! W ramach projektu SPECIFIC dajemy Ci do przetestowania elektryczny rower [&hellip;]</p>
            <p class="meta-tag"><svg xmlns="http://www.w3.org/2000/svg" width="18" height="18" viewBox="0 0 18 18"><circle cx="9" cy="9" r="9" style="fill:#4dcbc6;stroke-width:0"/><path d="m9.35 10.06 4.58-2a.88.88 0 0 0 .46-1.16.88.88 0 0 0-1.16-.46L9.88 7.9V2.25c0-.49-.39-.88-.88-.88s-.88.39-.88.88v7c0 .3.15.57.4.74.15.1.31.14.48.14.12 0 .24-.02.35-.07Z" style="fill:#fff;stroke-width:0"/></svg>28 Mar, 2025 </p>
        </div>
    </div>
</a>                                    
<a class="tile" href="https://www.15mcityspecific.org/poznan/blog/news/o-projekcie-specific-w-podcascie-druga-wersja/" aria-label="Read more on O projekcie SPECIFIC w podcaście „Druga wersja”">
    <div class="image-block">
        <img loading="lazy" decoding="async" width="400" height="396" src="https://www.15mcityspecific.org/poznan/wp-content/uploads/sites/6/2025/03/Zrzut-ekranu-2025-03-28-o-12.48.03-400x396.png" class="attachment-medium size-medium wp-post-image" alt="" srcset="https://www.15mcityspecific.org/poznan/wp-content/uploads/sites/6/2025/03/Zrzut-ekranu-2025-03-28-o-12.48.03-400x396.png 400w, https://www.15mcityspecific.org/poznan/wp-content/uploads/sites/6/2025/03/Zrzut-ekranu-2025-03-28-o-12.48.03-768x761.png 768w, https://www.15mcityspecific.org/poznan/wp-content/uploads/sites/6/2025/03/Zrzut-ekranu-2025-03-28-o-12.48.03.png 1112w" sizes="auto, (max-width: 400px) 100vw, 400px" />    </div>

    <div class="text-block">
        <div>
            <h3>O projekcie SPECIFIC w podcaście „Druga wersja” </h3>
            <p>Czy można żyć wygodniej, skracając dystanse? Jak bardzo czas dojazdu wpływa na naszą jakość życia? Co do tego mają rowery cargo? O projekcie SPECIFIC i mieście 15-minutowym w podcaście „Druga wersja” rozmawiali Michał Czaja i dr [&hellip;]</p>
            <p class="meta-tag"><svg xmlns="http://www.w3.org/2000/svg" width="18" height="18" viewBox="0 0 18 18"><circle cx="9" cy="9" r="9" style="fill:#4dcbc6;stroke-width:0"/><path d="m9.35 10.06 4.58-2a.88.88 0 0 0 .46-1.16.88.88 0 0 0-1.16-.46L9.88 7.9V2.25c0-.49-.39-.88-.88-.88s-.88.39-.88.88v7c0 .3.15.57.4.74.15.1.31.14.48.14.12 0 .24-.02.35-.07Z" style="fill:#fff;stroke-width:0"/></svg>28 Mar, 2025 </p>
        </div>
    </div>
</a>                                            </div>
                                        <div class="facetwp-facet facetwp-facet-load_more facetwp-type-pager" data-name="load_more" data-type="pager"></div></section>
