{"id":343,"date":"2024-03-10T19:59:37","date_gmt":"2024-03-10T19:59:37","guid":{"rendered":"https:\/\/specificnew.wpenginepowered.com\/graz\/?page_id=343"},"modified":"2024-03-28T11:25:45","modified_gmt":"2024-03-28T11:25:45","slug":"nachricht","status":"publish","type":"page","link":"https:\/\/www.15mcityspecific.org\/graz\/nachricht\/","title":{"rendered":"News"},"content":{"rendered":"\n<section class=\"listing\">\n    \n    \n                        <div class=\"grid news\">\n                                    \n<a class=\"tile\" href=\"https:\/\/www.15mcityspecific.org\/graz\/blog\/news\/i-policy-briefs-der-specific-partnerstadte-jetzt-online\/\" aria-label=\"Read more on I Policy Briefs der SPECIFIC-Partnerst\u00e4dte jetzt online!\">\n    <div class=\"image-block\">\n        <img loading=\"lazy\" decoding=\"async\" width=\"400\" height=\"301\" src=\"https:\/\/www.15mcityspecific.org\/graz\/wp-content\/uploads\/sites\/3\/2025\/03\/image_graz_II-400x301.jpg\" class=\"attachment-medium size-medium wp-post-image\" alt=\"\" srcset=\"https:\/\/www.15mcityspecific.org\/graz\/wp-content\/uploads\/sites\/3\/2025\/03\/image_graz_II-400x301.jpg 400w, https:\/\/www.15mcityspecific.org\/graz\/wp-content\/uploads\/sites\/3\/2025\/03\/image_graz_II-1200x902.jpg 1200w, https:\/\/www.15mcityspecific.org\/graz\/wp-content\/uploads\/sites\/3\/2025\/03\/image_graz_II-768x577.jpg 768w, https:\/\/www.15mcityspecific.org\/graz\/wp-content\/uploads\/sites\/3\/2025\/03\/image_graz_II-1536x1154.jpg 1536w, https:\/\/www.15mcityspecific.org\/graz\/wp-content\/uploads\/sites\/3\/2025\/03\/image_graz_II-2048x1539.jpg 2048w\" sizes=\"auto, (max-width: 400px) 100vw, 400px\" \/>    <\/div>\n\n    <div class=\"text-block\">\n        <div>\n            <h3>I Policy Briefs der SPECIFIC-Partnerst\u00e4dte jetzt online! <\/h3>\n            <p>Wir geben die Ver\u00f6ffentlichung der Policy Briefs f\u00fcr alle am Projekt SPECIFIC teilnehmenden St\u00e4dte bekannt. Diese Dokumente analysieren Initiativen zur F\u00f6rderung des Radverkehrs in Bellinzona, Bristol, Graz, Maastricht und Poznan. Sie finden die Dokumente [&hellip;]<\/p>\n            <p class=\"meta-tag\"><svg xmlns=\"http:\/\/www.w3.org\/2000\/svg\" width=\"18\" height=\"18\" viewBox=\"0 0 18 18\"><circle cx=\"9\" cy=\"9\" r=\"9\" style=\"fill:#4dcbc6;stroke-width:0\"\/><path d=\"m9.35 10.06 4.58-2a.88.88 0 0 0 .46-1.16.88.88 0 0 0-1.16-.46L9.88 7.9V2.25c0-.49-.39-.88-.88-.88s-.88.39-.88.88v7c0 .3.15.57.4.74.15.1.31.14.48.14.12 0 .24-.02.35-.07Z\" style=\"fill:#fff;stroke-width:0\"\/><\/svg>11 Mar, 2025 <\/p>\n        <\/div>\n    <\/div>\n<\/a>                                            <\/div>\n                                        <div class=\"facetwp-facet facetwp-facet-load_more facetwp-type-pager\" data-name=\"load_more\" data-type=\"pager\"><\/div><\/section>\n\n","protected":false},"excerpt":{"rendered":"","protected":false},"author":2,"featured_media":0,"parent":0,"menu_order":0,"comment_status":"closed","ping_status":"closed","template":"","meta":{"_acf_changed":true,"_monsterinsights_skip_tracking":false,"_monsterinsights_sitenote_active":false,"_monsterinsights_sitenote_note":"","_monsterinsights_sitenote_category":0,"footnotes":""},"class_list":["post-343","page","type-page","status-publish","hentry"],"acf":[],"publishpress_future_workflow_manual_trigger":{"enabledWorkflows":[]},"_links":{"self":[{"href":"https:\/\/www.15mcityspecific.org\/graz\/wp-json\/wp\/v2\/pages\/343","targetHints":{"allow":["GET"]}}],"collection":[{"href":"https:\/\/www.15mcityspecific.org\/graz\/wp-json\/wp\/v2\/pages"}],"about":[{"href":"https:\/\/www.15mcityspecific.org\/graz\/wp-json\/wp\/v2\/types\/page"}],"author":[{"embeddable":true,"href":"https:\/\/www.15mcityspecific.org\/graz\/wp-json\/wp\/v2\/users\/2"}],"replies":[{"embeddable":true,"href":"https:\/\/www.15mcityspecific.org\/graz\/wp-json\/wp\/v2\/comments?post=343"}],"version-history":[{"count":0,"href":"https:\/\/www.15mcityspecific.org\/graz\/wp-json\/wp\/v2\/pages\/343\/revisions"}],"wp:attachment":[{"href":"https:\/\/www.15mcityspecific.org\/graz\/wp-json\/wp\/v2\/media?parent=343"}],"curies":[{"name":"wp","href":"https:\/\/api.w.org\/{rel}","templated":true}]}}

<section class="listing">
    
    
                        <div class="grid news">
                                    
<a class="tile" href="https://www.15mcityspecific.org/graz/blog/news/i-policy-briefs-der-specific-partnerstadte-jetzt-online/" aria-label="Read more on I Policy Briefs der SPECIFIC-Partnerstädte jetzt online!">
    <div class="image-block">
        <img loading="lazy" decoding="async" width="400" height="301" src="https://www.15mcityspecific.org/graz/wp-content/uploads/sites/3/2025/03/image_graz_II-400x301.jpg" class="attachment-medium size-medium wp-post-image" alt="" srcset="https://www.15mcityspecific.org/graz/wp-content/uploads/sites/3/2025/03/image_graz_II-400x301.jpg 400w, https://www.15mcityspecific.org/graz/wp-content/uploads/sites/3/2025/03/image_graz_II-1200x902.jpg 1200w, https://www.15mcityspecific.org/graz/wp-content/uploads/sites/3/2025/03/image_graz_II-768x577.jpg 768w, https://www.15mcityspecific.org/graz/wp-content/uploads/sites/3/2025/03/image_graz_II-1536x1154.jpg 1536w, https://www.15mcityspecific.org/graz/wp-content/uploads/sites/3/2025/03/image_graz_II-2048x1539.jpg 2048w" sizes="auto, (max-width: 400px) 100vw, 400px" />    </div>

    <div class="text-block">
        <div>
            <h3>I Policy Briefs der SPECIFIC-Partnerstädte jetzt online! </h3>
            <p>Wir geben die Veröffentlichung der Policy Briefs für alle am Projekt SPECIFIC teilnehmenden Städte bekannt. Diese Dokumente analysieren Initiativen zur Förderung des Radverkehrs in Bellinzona, Bristol, Graz, Maastricht und Poznan. Sie finden die Dokumente [&hellip;]</p>
            <p class="meta-tag"><svg xmlns="http://www.w3.org/2000/svg" width="18" height="18" viewBox="0 0 18 18"><circle cx="9" cy="9" r="9" style="fill:#4dcbc6;stroke-width:0"/><path d="m9.35 10.06 4.58-2a.88.88 0 0 0 .46-1.16.88.88 0 0 0-1.16-.46L9.88 7.9V2.25c0-.49-.39-.88-.88-.88s-.88.39-.88.88v7c0 .3.15.57.4.74.15.1.31.14.48.14.12 0 .24-.02.35-.07Z" style="fill:#fff;stroke-width:0"/></svg>11 Mar, 2025 </p>
        </div>
    </div>
</a>                                            </div>
                                        <div class="facetwp-facet facetwp-facet-load_more facetwp-type-pager" data-name="load_more" data-type="pager"></div></section>
