{"id":342,"date":"2024-03-10T19:58:44","date_gmt":"2024-03-10T19:58:44","guid":{"rendered":"https:\/\/specificnew.wpenginepowered.com\/graz\/?page_id=342"},"modified":"2024-03-10T19:58:44","modified_gmt":"2024-03-10T19:58:44","slug":"veranstaltungen","status":"publish","type":"page","link":"https:\/\/www.15mcityspecific.org\/graz\/veranstaltungen\/","title":{"rendered":"Veranstaltungen"},"content":{"rendered":"\n<section class=\"listing\">\n    \n    \n                    <div class=\"grid\">\n                    <p>Es wurden keine Beitr\u00e4ge f\u00fcr die ausgew\u00e4hlte Stadt gefunden<\/p>\n                <\/div>\n                                <div class=\"facetwp-facet facetwp-facet-load_more facetwp-type-pager\" data-name=\"load_more\" data-type=\"pager\"><\/div><\/section>\n\n","protected":false},"excerpt":{"rendered":"","protected":false},"author":2,"featured_media":0,"parent":0,"menu_order":0,"comment_status":"closed","ping_status":"closed","template":"","meta":{"_acf_changed":true,"_monsterinsights_skip_tracking":false,"_monsterinsights_sitenote_active":false,"_monsterinsights_sitenote_note":"","_monsterinsights_sitenote_category":0,"footnotes":""},"class_list":["post-342","page","type-page","status-publish","hentry"],"acf":[],"publishpress_future_workflow_manual_trigger":{"enabledWorkflows":[]},"_links":{"self":[{"href":"https:\/\/www.15mcityspecific.org\/graz\/wp-json\/wp\/v2\/pages\/342","targetHints":{"allow":["GET"]}}],"collection":[{"href":"https:\/\/www.15mcityspecific.org\/graz\/wp-json\/wp\/v2\/pages"}],"about":[{"href":"https:\/\/www.15mcityspecific.org\/graz\/wp-json\/wp\/v2\/types\/page"}],"author":[{"embeddable":true,"href":"https:\/\/www.15mcityspecific.org\/graz\/wp-json\/wp\/v2\/users\/2"}],"replies":[{"embeddable":true,"href":"https:\/\/www.15mcityspecific.org\/graz\/wp-json\/wp\/v2\/comments?post=342"}],"version-history":[{"count":0,"href":"https:\/\/www.15mcityspecific.org\/graz\/wp-json\/wp\/v2\/pages\/342\/revisions"}],"wp:attachment":[{"href":"https:\/\/www.15mcityspecific.org\/graz\/wp-json\/wp\/v2\/media?parent=342"}],"curies":[{"name":"wp","href":"https:\/\/api.w.org\/{rel}","templated":true}]}}