{"id":254,"date":"2024-03-10T16:16:31","date_gmt":"2024-03-10T16:16:31","guid":{"rendered":"https:\/\/specificnew.wpenginepowered.com\/graz\/?page_id=254"},"modified":"2024-03-16T13:07:02","modified_gmt":"2024-03-16T13:07:02","slug":"team-bristol","status":"publish","type":"page","link":"https:\/\/www.15mcityspecific.org\/graz\/team-bristol\/","title":{"rendered":"Team"},"content":{"rendered":"\n<section class=\"listing\">\n    \n    \n                        <div class=\"full-width\">\n                <div class=\"container midi\">\n                    <div class=\"grid team\">\n                                                    \t<a class=\"tile\" href=\"https:\/\/online.uni-graz.at\/kfu_online\/wbforschungsportal.cbshowportal?pPersonNr=120867\" target=\"_self\" rel=\"noopener\">\n        \n        <div class=\"image-block\">\n            <img loading=\"lazy\" decoding=\"async\" width=\"400\" height=\"266\" src=\"https:\/\/www.15mcityspecific.org\/graz\/wp-content\/uploads\/sites\/3\/2024\/03\/AS-2023-skater-klein-Kopie-400x266.jpg\" class=\"attachment-medium size-medium wp-post-image\" alt=\"\" srcset=\"https:\/\/www.15mcityspecific.org\/graz\/wp-content\/uploads\/sites\/3\/2024\/03\/AS-2023-skater-klein-Kopie-400x266.jpg 400w, https:\/\/www.15mcityspecific.org\/graz\/wp-content\/uploads\/sites\/3\/2024\/03\/AS-2023-skater-klein-Kopie-1200x798.jpg 1200w, https:\/\/www.15mcityspecific.org\/graz\/wp-content\/uploads\/sites\/3\/2024\/03\/AS-2023-skater-klein-Kopie-768x511.jpg 768w, https:\/\/www.15mcityspecific.org\/graz\/wp-content\/uploads\/sites\/3\/2024\/03\/AS-2023-skater-klein-Kopie.jpg 1286w\" sizes=\"auto, (max-width: 400px) 100vw, 400px\" \/>        <\/div>\n\n        <div class=\"text-block\">\n            <div>\n                <h3>Professorin Anke Str\u00fcver<\/h3>\n                \t<p class=\"meta-tag\">Universit\u00e4t Graz<\/p>\n                <p>Anke leitet das SPECIFIC-Team in Graz. Sie ist Professorin f\u00fcr Humangeographie an der Universit\u00e4t Graz, Leiterin des RCE Graz-Styria und der Forschungsgruppe &#8220;urban HEAP&#8221; am Institut f\u00fcr Geographie und Raumforschung.<\/p>\n            <\/div>\n        <\/div>\n    <\/a>\n                                                    \t<a class=\"tile\" href=\"https:\/\/online.uni-graz.at\/kfu_online\/wbForschungsportal.cbShowPortal?pPersonNr=130414&#038;pMode=E\" target=\"_self\" rel=\"noopener\">\n        \n        <div class=\"image-block\">\n            <img loading=\"lazy\" decoding=\"async\" width=\"300\" height=\"400\" src=\"https:\/\/www.15mcityspecific.org\/graz\/wp-content\/uploads\/sites\/3\/2024\/03\/geograz_KernC-300x400.jpg\" class=\"attachment-medium size-medium wp-post-image\" alt=\"\" srcset=\"https:\/\/www.15mcityspecific.org\/graz\/wp-content\/uploads\/sites\/3\/2024\/03\/geograz_KernC-300x400.jpg 300w, https:\/\/www.15mcityspecific.org\/graz\/wp-content\/uploads\/sites\/3\/2024\/03\/geograz_KernC-900x1200.jpg 900w, https:\/\/www.15mcityspecific.org\/graz\/wp-content\/uploads\/sites\/3\/2024\/03\/geograz_KernC-768x1024.jpg 768w, https:\/\/www.15mcityspecific.org\/graz\/wp-content\/uploads\/sites\/3\/2024\/03\/geograz_KernC-1152x1536.jpg 1152w, https:\/\/www.15mcityspecific.org\/graz\/wp-content\/uploads\/sites\/3\/2024\/03\/geograz_KernC-1536x2048.jpg 1536w, https:\/\/www.15mcityspecific.org\/graz\/wp-content\/uploads\/sites\/3\/2024\/03\/geograz_KernC.jpg 1709w\" sizes=\"auto, (max-width: 300px) 100vw, 300px\" \/>        <\/div>\n\n        <div class=\"text-block\">\n            <div>\n                <h3>Carmen Kern<\/h3>\n                \t<p class=\"meta-tag\">Universit\u00e4t Graz<\/p>\n                <p>Carmen ist wissenschaftliche Mitarbeiterin am RCE Graz-Styria (Zentrum f\u00fcr nachhaltige Gesellschaftstransformation).<\/p>\n            <\/div>\n        <\/div>\n    <\/a>\n                                                                    <\/div>\n                <\/div>\n            <\/div>\n                                    <div class=\"facetwp-facet facetwp-facet-load_more facetwp-type-pager\" data-name=\"load_more\" data-type=\"pager\"><\/div><\/section>\n\n","protected":false},"excerpt":{"rendered":"","protected":false},"author":2,"featured_media":0,"parent":0,"menu_order":0,"comment_status":"closed","ping_status":"closed","template":"","meta":{"_acf_changed":true,"_monsterinsights_skip_tracking":false,"_monsterinsights_sitenote_active":false,"_monsterinsights_sitenote_note":"","_monsterinsights_sitenote_category":0,"footnotes":""},"class_list":["post-254","page","type-page","status-publish","hentry"],"acf":[],"publishpress_future_workflow_manual_trigger":{"enabledWorkflows":[]},"_links":{"self":[{"href":"https:\/\/www.15mcityspecific.org\/graz\/wp-json\/wp\/v2\/pages\/254","targetHints":{"allow":["GET"]}}],"collection":[{"href":"https:\/\/www.15mcityspecific.org\/graz\/wp-json\/wp\/v2\/pages"}],"about":[{"href":"https:\/\/www.15mcityspecific.org\/graz\/wp-json\/wp\/v2\/types\/page"}],"author":[{"embeddable":true,"href":"https:\/\/www.15mcityspecific.org\/graz\/wp-json\/wp\/v2\/users\/2"}],"replies":[{"embeddable":true,"href":"https:\/\/www.15mcityspecific.org\/graz\/wp-json\/wp\/v2\/comments?post=254"}],"version-history":[{"count":0,"href":"https:\/\/www.15mcityspecific.org\/graz\/wp-json\/wp\/v2\/pages\/254\/revisions"}],"wp:attachment":[{"href":"https:\/\/www.15mcityspecific.org\/graz\/wp-json\/wp\/v2\/media?parent=254"}],"curies":[{"name":"wp","href":"https:\/\/api.w.org\/{rel}","templated":true}]}}

<section class="listing">
    
    
                        <div class="full-width">
                <div class="container midi">
                    <div class="grid team">
                                                    	<a class="tile" href="https://online.uni-graz.at/kfu_online/wbforschungsportal.cbshowportal?pPersonNr=120867" target="_self" rel="noopener">
        
        <div class="image-block">
            <img loading="lazy" decoding="async" width="400" height="266" src="https://www.15mcityspecific.org/graz/wp-content/uploads/sites/3/2024/03/AS-2023-skater-klein-Kopie-400x266.jpg" class="attachment-medium size-medium wp-post-image" alt="" srcset="https://www.15mcityspecific.org/graz/wp-content/uploads/sites/3/2024/03/AS-2023-skater-klein-Kopie-400x266.jpg 400w, https://www.15mcityspecific.org/graz/wp-content/uploads/sites/3/2024/03/AS-2023-skater-klein-Kopie-1200x798.jpg 1200w, https://www.15mcityspecific.org/graz/wp-content/uploads/sites/3/2024/03/AS-2023-skater-klein-Kopie-768x511.jpg 768w, https://www.15mcityspecific.org/graz/wp-content/uploads/sites/3/2024/03/AS-2023-skater-klein-Kopie.jpg 1286w" sizes="auto, (max-width: 400px) 100vw, 400px" />        </div>

        <div class="text-block">
            <div>
                <h3>Professorin Anke Strüver</h3>
                	<p class="meta-tag">Universität Graz</p>
                <p>Anke leitet das SPECIFIC-Team in Graz. Sie ist Professorin für Humangeographie an der Universität Graz, Leiterin des RCE Graz-Styria und der Forschungsgruppe &#8220;urban HEAP&#8221; am Institut für Geographie und Raumforschung.</p>
            </div>
        </div>
    </a>
                                                    	<a class="tile" href="https://online.uni-graz.at/kfu_online/wbForschungsportal.cbShowPortal?pPersonNr=130414&#038;pMode=E" target="_self" rel="noopener">
        
        <div class="image-block">
            <img loading="lazy" decoding="async" width="300" height="400" src="https://www.15mcityspecific.org/graz/wp-content/uploads/sites/3/2024/03/geograz_KernC-300x400.jpg" class="attachment-medium size-medium wp-post-image" alt="" srcset="https://www.15mcityspecific.org/graz/wp-content/uploads/sites/3/2024/03/geograz_KernC-300x400.jpg 300w, https://www.15mcityspecific.org/graz/wp-content/uploads/sites/3/2024/03/geograz_KernC-900x1200.jpg 900w, https://www.15mcityspecific.org/graz/wp-content/uploads/sites/3/2024/03/geograz_KernC-768x1024.jpg 768w, https://www.15mcityspecific.org/graz/wp-content/uploads/sites/3/2024/03/geograz_KernC-1152x1536.jpg 1152w, https://www.15mcityspecific.org/graz/wp-content/uploads/sites/3/2024/03/geograz_KernC-1536x2048.jpg 1536w, https://www.15mcityspecific.org/graz/wp-content/uploads/sites/3/2024/03/geograz_KernC.jpg 1709w" sizes="auto, (max-width: 300px) 100vw, 300px" />        </div>

        <div class="text-block">
            <div>
                <h3>Carmen Kern</h3>
                	<p class="meta-tag">Universität Graz</p>
                <p>Carmen ist wissenschaftliche Mitarbeiterin am RCE Graz-Styria (Zentrum für nachhaltige Gesellschaftstransformation).</p>
            </div>
        </div>
    </a>
                                                                    </div>
                </div>
            </div>
                                    <div class="facetwp-facet facetwp-facet-load_more facetwp-type-pager" data-name="load_more" data-type="pager"></div></section>
