{"id":242,"date":"2024-03-10T15:53:25","date_gmt":"2024-03-10T15:53:25","guid":{"rendered":"https:\/\/specificnew.wpenginepowered.com\/graz\/?page_id=242"},"modified":"2025-04-03T15:27:23","modified_gmt":"2025-04-03T15:27:23","slug":"about-graz","status":"publish","type":"page","link":"https:\/\/www.15mcityspecific.org\/graz\/","title":{"rendered":"About"},"content":{"rendered":"<section class=\"half full-width\">\n        <div class=\"container\">\n        <div class=\"inner-wrap\">\n\n                        <div class=\"image-wrap\">\n                        <img decoding=\"async\" src=\"https:\/\/www.15mcityspecific.org\/graz\/wp-content\/uploads\/sites\/3\/2025\/04\/image_graz_I-1-scaled.jpg\" alt=\"\" \/>\n                <\/div>\n                <div class=\"text-wrap\">\n                                        <h2 class=\"h1\">Untersuchung von Radfahren als Beitrag zur 15-Minuten-Stadt in d\u00fcnn besiedelten suburbanen R\u00e4umen<\/h2>\n                                <div class=\"lower-wrap\">\n                                        <p>In Graz wird im Rahmen des Projekts SPECIFIC die F\u00f6rderung von Radfahren durch neue Infrastruktur untersucht. Dabei liegt der Fokus auf den umliegenden Gemeinden s\u00fcdlich von Graz. Als Experimente werden gemeinsame Radtouren zwischen Graz und Kalsdorf mit Einwohner:innen durchgef\u00fchrt, um das Radfahren als t\u00e4gliche Routine von potenziellen Benutzer:innen und ihre damit verbundenen Alltagsbed\u00fcrfnissen zu erforschen.<\/p>\n                \n\n\n                                        <a class=\"button\" href=\"https:\/\/www.15mcityspecific.org\/\" target=\"_self\">Mehr \u00fcber das Projekt<\/a>\n                                <\/div>\n        <\/div>\n                <\/div>\n                <\/div>\n\n<\/section>\n\n<section class=\"city-minutes full-width\">\n\t<div class=\"container midi\">\n  \n\t<h2 class=\"fancy-spot\">\u00dcber 15-Minuten-St\u00e4dte<\/h2>\n\n\n\t<div class=\"grid\">\n\t<div class=\"tile\">\n\t<div class=\"text-block\">\n\t\t\t\t\t<p class=\"title\">In einer 15-Minuten-Stadt k\u00f6nnen Einzelpersonen ihre t\u00e4glichen Bed\u00fcrfnisse in einem kurzen Spaziergang oder einer kurzen Radfahrt von ihrem Zuhause aus erf\u00fcllen.<\/p>\n\n<p>\tZu diesen Grundbed\u00fcrfnissen z\u00e4hlen u. a. bezahlte und unbezahlte Arbeit, Bildung, Kinderbetreuung, Gesundheitsversorgung, Lebensmittel, Unterhaltung und Erholung.<\/p>\n<\/div>\n<div class=\"image-block\">\n\t<img decoding=\"async\" src=\"https:\/\/www.15mcityspecific.org\/graz\/wp-content\/uploads\/sites\/3\/2024\/03\/cities-1.png\" alt=\"\" \/>\n<\/div>\n<\/div>\n\t<div class=\"tile\">\n\t<div class=\"text-block\">\n\t\t\t\t\t<p class=\"title\">Die nachhaltige Erreichbarkeit der t\u00e4glichen Aktivit\u00e4ten ist wichtiger als die Dauer des Spaziergangs oder der Radtour.<\/p>\n\n<p>\tF\u00fcr einige St\u00e4dte sind 15 Minuten eine nachhaltige N\u00e4he, w\u00e4hrend es in anderen vielleicht 20 oder 30 Minuten sind. Das allgemeine Ziel besteht darin, die Lebensqualit\u00e4t zu verbessern, indem die Aktivit\u00e4ten, die der Einzelne braucht, um sich zu entfalten, n\u00e4her an sein Zuhause gebracht werden.<\/p>\n<\/div>\n<div class=\"image-block\">\n\t<img decoding=\"async\" src=\"https:\/\/www.15mcityspecific.org\/graz\/wp-content\/uploads\/sites\/3\/2024\/03\/cities-2.png\" alt=\"\" \/>\n<\/div>\n<\/div>\n\t<div class=\"tile\">\n\t<div class=\"text-block\">\n\t\t\t\t\t<p class=\"title\">Die 15-Minuten-Stadt ist auch eine intelligente Stadt.<\/p>\n\n<p>\tWo kurze Wegzeiten zu Fu\u00df oder mit (e-)Rad nicht m\u00f6glich sind, sollten qualitativ hochwertige und integrative Online-Dienste und -Aktivit\u00e4ten eine geeignete Alternative bieten.<\/p>\n<\/div>\n<div class=\"image-block\">\n\t<img decoding=\"async\" src=\"https:\/\/www.15mcityspecific.org\/graz\/wp-content\/uploads\/sites\/3\/2024\/03\/cities-3.png\" alt=\"\" \/>\n<\/div>\n<\/div>\n\t\t<\/div>\n<\/div>\n<\/section>\n\n\n<h2 class=\"wp-block-heading\">Wer Was Wann Wo Warum (und Wie)<\/h2>\n\n\n\n<p><\/p>\n\n\n\n<div class=\"wp-block-columns is-layout-flex wp-container-core-columns-is-layout-9d6595d7 wp-block-columns-is-layout-flex\">\n<div class=\"wp-block-column is-layout-flow wp-block-column-is-layout-flow\">\n<figure class=\"wp-block-image alignwide size-full\"><img loading=\"lazy\" decoding=\"async\" width=\"2560\" height=\"1920\" src=\"https:\/\/www.15mcityspecific.org\/graz\/wp-content\/uploads\/sites\/3\/2025\/04\/Graz-Homepage-Image-scaled.jpg\" alt=\"\" class=\"wp-image-555\" srcset=\"https:\/\/www.15mcityspecific.org\/graz\/wp-content\/uploads\/sites\/3\/2025\/04\/Graz-Homepage-Image-scaled.jpg 2560w, https:\/\/www.15mcityspecific.org\/graz\/wp-content\/uploads\/sites\/3\/2025\/04\/Graz-Homepage-Image-400x300.jpg 400w, https:\/\/www.15mcityspecific.org\/graz\/wp-content\/uploads\/sites\/3\/2025\/04\/Graz-Homepage-Image-1200x900.jpg 1200w, https:\/\/www.15mcityspecific.org\/graz\/wp-content\/uploads\/sites\/3\/2025\/04\/Graz-Homepage-Image-768x576.jpg 768w, https:\/\/www.15mcityspecific.org\/graz\/wp-content\/uploads\/sites\/3\/2025\/04\/Graz-Homepage-Image-1536x1152.jpg 1536w, https:\/\/www.15mcityspecific.org\/graz\/wp-content\/uploads\/sites\/3\/2025\/04\/Graz-Homepage-Image-2048x1536.jpg 2048w\" sizes=\"auto, (max-width: 2560px) 100vw, 2560px\" \/><\/figure>\n<\/div>\n\n\n\n<div class=\"wp-block-column is-layout-flow wp-block-column-is-layout-flow\">\n<p><strong>Was: <\/strong>Untersuchung allt\u00e4glicher Mobilit\u00e4tspraktiken, einschlie\u00dflich verschiedener Pendelwege (wie zur Schule, zur Arbeit, zur Kinderbetreuung usw)<\/p>\n\n\n\n<hr class=\"wp-block-separator has-alpha-channel-opacity is-style-default\"\/>\n\n\n\n<p><strong>Wer: <\/strong>Anwohner*innen, Sch\u00fcler*innen, lokale Beh\u00f6rden und weitere relevante Interessengruppen<\/p>\n\n\n\n<hr class=\"wp-block-separator has-alpha-channel-opacity is-style-default\"\/>\n\n\n\n<p><strong>Wie: <\/strong>Experimentelle Aktivit\u00e4ten, die durch den Einsatz eines spielbasierten Ansatzes (\u201aUrban Lab Kit\u2018) in zwei Phasen erm\u00f6glicht werden \u2013 eine mit Sch\u00fcler*innen und eine weitere mit verschiedenen lokalen Akteuren \u2013 gefolgt von einer weiterf\u00fchrenden Zusammenarbeit zur F\u00f6rderung von \u00c4nderungen in den routinem\u00e4\u00dfigen Mobilit\u00e4tspraktiken der lokalen Bev\u00f6lkerung<\/p>\n\n\n\n<hr class=\"wp-block-separator has-alpha-channel-opacity is-style-default\"\/>\n\n\n\n<p><strong>Warum: <\/strong>Reduzierung der motorisierten Individualverkehrsanteile und F\u00f6rderung nachhaltiger Mobilit\u00e4tformen im Alltag<\/p>\n\n\n\n<hr class=\"wp-block-separator has-alpha-channel-opacity is-style-default\"\/>\n\n\n\n<p><strong>Wo: <\/strong>Stadtnahe Gebiete im S\u00fcdwesten von Graz<\/p>\n\n\n\n<hr class=\"wp-block-separator has-alpha-channel-opacity is-style-default\"\/>\n\n\n\n<p><strong>Wann: <\/strong>Fr\u00fchjahr bis Herbst 2025<\/p>\n<\/div>\n<\/div>\n\n\n\n\n\n<section class=\"funders full-width\">\n    <div class=\"container\">\n\n  <h3>  SPECIFIC Graz wird gef\u00f6rdert von<\/h3>\n\n    <div class=\"logos\">\n\n        <div class=\"logo\">\n        <a href=\"https:\/\/www.ffg.at\/\" target=\"_self\" aria-label=\"View More\" rel=\"noopener\"><img decoding=\"async\" src=\"https:\/\/www.15mcityspecific.org\/graz\/wp-content\/uploads\/sites\/3\/2024\/03\/FFG-Logo.png\" alt=\"\" \/><\/a>    <\/div>\n        <\/div>\n\n    <\/div>\n<\/section>\n","protected":false},"excerpt":{"rendered":"<p>Wer Was Wann Wo Warum (und Wie) Was: Untersuchung allt\u00e4glicher Mobilit\u00e4tspraktiken, einschlie\u00dflich verschiedener Pendelwege (wie zur Schule, zur Arbeit, zur Kinderbetreuung usw) Wer: Anwohner*innen, Sch\u00fcler*innen, lokale Beh\u00f6rden und weitere relevante Interessengruppen Wie: Experimentelle Aktivit\u00e4ten, [&hellip;]<\/p>\n","protected":false},"author":2,"featured_media":0,"parent":0,"menu_order":0,"comment_status":"closed","ping_status":"closed","template":"","meta":{"_acf_changed":true,"_monsterinsights_skip_tracking":false,"_monsterinsights_sitenote_active":false,"_monsterinsights_sitenote_note":"","_monsterinsights_sitenote_category":0,"footnotes":""},"class_list":["post-242","page","type-page","status-publish","hentry"],"acf":[],"publishpress_future_workflow_manual_trigger":{"enabledWorkflows":[]},"_links":{"self":[{"href":"https:\/\/www.15mcityspecific.org\/graz\/wp-json\/wp\/v2\/pages\/242","targetHints":{"allow":["GET"]}}],"collection":[{"href":"https:\/\/www.15mcityspecific.org\/graz\/wp-json\/wp\/v2\/pages"}],"about":[{"href":"https:\/\/www.15mcityspecific.org\/graz\/wp-json\/wp\/v2\/types\/page"}],"author":[{"embeddable":true,"href":"https:\/\/www.15mcityspecific.org\/graz\/wp-json\/wp\/v2\/users\/2"}],"replies":[{"embeddable":true,"href":"https:\/\/www.15mcityspecific.org\/graz\/wp-json\/wp\/v2\/comments?post=242"}],"version-history":[{"count":0,"href":"https:\/\/www.15mcityspecific.org\/graz\/wp-json\/wp\/v2\/pages\/242\/revisions"}],"wp:attachment":[{"href":"https:\/\/www.15mcityspecific.org\/graz\/wp-json\/wp\/v2\/media?parent=242"}],"curies":[{"name":"wp","href":"https:\/\/api.w.org\/{rel}","templated":true}]}}